*h - 4*p - 5155 = p. Let g be h/45 + (-4)/18. Suppose 4*a + 14 = -j + g, 0 = a + 3. List the prime factors of j.
2, 3
Let n(h) = h**2 - 4*h + 6. Let v be -3*(0 - (-2)/(-3)). Let l be 12/v - 0/(-1). What are the prime factors of n(l)?
2, 3
Let j be 1*(-2)/2 - 2. Let q = j + 8. Suppose 4*w + h - 17 = 0, -2*w + q*h + 40 = 3*w. List the prime factors of w.
5
Suppose -q - q = 0, 0 = k + 2*q - 639. List the prime factors of k.
3, 71
Suppose 0 = -u - u. Suppose -5*z = 25, u*z + 14 = -2*x - 4*z. Suppose 3 - 54 = -x*t. List the prime factors of t.
17
Let j = -346 + 490. Suppose 3*r - r - 94 = 4*t, 3*r - 5*t = j. What are the prime factors of r?
53
Suppose -10*b + 96976 = 34*b. What are the prime factors of b?
2, 19, 29
Let q(x) = -x**3 - 8*x**2 - 4*x + 23. Let b be q(-11). Suppose -7*i - b = -9*i - 3*u, 4*i = -3*u + 860. List the prime factors of i.
5, 43
Let d(a) = 4*a**2 + 110*a - 49. List the prime factors of d(-45).
7, 443
Suppose 0 = 7*b - 14*b - 84. What are the prime factors of 1528/40 - b/15?
3, 13
Let l = 2351 + -1378. What are the prime factors of l?
7, 139
Suppose 2*a = 2*w + 578, -2*a + 575 = -22*w + 17*w. What are the prime factors of a?
2, 5, 29
Let w(q) = q**3 + q - 2. Let o be w(-2). Let n be 28/(-6) - 6/(-9). List the prime factors of (o/(-10))/(n/(-40)).
2, 3
Let h(x) = 11*x**2 + 4*x + 2. Suppose -v = 4*u - 13 + 42, -5*u - 115 = 5*v. Let n = v - -19. List the prime factors of h(n).
2, 19
Let h(s) be the third derivative of -s**6/120 + 2*s**5/15 - 5*s**4/12 + s**3 + 7*s**2. What are the prime factors of h(6)?
2, 3
Let a(w) = -187*w - 15. List the prime factors of a(-1).
2, 43
Suppose 4*s + 64 = -2*k, -4*k - k + 22 = -3*s. Let f = -14 - s. Suppose f = -3*p + 2*o + 91, -5*p - 2*o = -54 - 103. List the prime factors of p.
31
Let y(n) = -2*n**2 + 8*n - 2. Suppose 2*f + 18 = 5*b - 0*f, 0 = -b + 3*f + 1. Let h be y(b). List the prime factors of (-90)/h + -2 + 1.
2, 11
Let w(u) be the first derivative of -225*u**2/2 + 2*u + 41. What are the prime factors of w(-1)?
227
Let z = 226 - 226. Let b = -126 - -187. Suppose z*f = -f + b. What are the prime factors of f?
61
Let h(z) = -56*z - 326. What are the prime factors of h(-23)?
2, 13, 37
Let n(t) = t - 4. Let y be n(9). Suppose -3*w + 21 = 2*v, y*v = 5*w + 129 - 39. Suppose v = k - 0. What are the prime factors of k?
3, 5
Suppose -1556 = p - 1995. List the prime factors of p.
439
Let t(x) = 5*x**2 + 2*x + 2. Let y be t(5). Suppose 0 = -5*v - 0*v - 4*o + 240, 0 = -3*v - o + y. List the prime factors of v.
2, 11
Suppose -2*r = 828 - 2500. List the prime factors of r.
2, 11, 19
List the prime factors of (-8)/((-24)/(-6))*(1 + -190).
2, 3, 7
Let l = 16 + -9. Let k(s) = 3*s - 1. What are the prime factors of k(l)?
2, 5
Let d(k) = k**3 + 7*k**2 - 4*k - 11. Let i be d(-7). Let n = i - 14. Suppose 0 = 5*o + 2*f + 3*f - 85, 0 = -n*o + 4*f + 86. List the prime factors of o.
2, 11
Suppose -b - 1734 = -2*g + 3*b, -1707 = -2*g - 5*b. Suppose -5*k + g = -214. List the prime factors of k.
5, 43
Suppose 5*u = 2*l - 60 - 37, 0 = l - u - 50. List the prime factors of l.
3, 17
Suppose -30*p + 19040 = -23*p. List the prime factors of p.
2, 5, 17
Suppose 140 = j - 5*j. What are the prime factors of 978/7 - -2*(-5)/j?
2, 5, 7
Let n = -16 - -14. Let o be 3*(-2)/(-12)*n. Let i = o + 19. List the prime factors of i.
2, 3
What are the prime factors of ((-256)/15 - 42/(-63))*-30?
2, 3, 41
Suppose 128 = d - 5*d + 2*x, 3*d - 3*x + 93 = 0. Suppose 7*q = 11*q - 24. List the prime factors of d/(15/q - 4).
2, 11
Suppose -73 = -c - 3*n - 0*n, 5*n = 4*c - 241. Suppose -x = 4*p - 36 + 160, 0 = -p + 5*x - 10. Let t = c + p. List the prime factors of t.
2, 17
Let t(w) = 16*w**2 - 2 + 2 + w + 2 + 0*w**2. What are the prime factors of t(-2)?
2
Suppose 310*i = 314*i - 8392. List the prime factors of i.
2, 1049
Let k = 3616 - 381. List the prime factors of k.
5, 647
Let r(g) = 3*g**2 - 58*g + 246. What are the prime factors of r(36)?
2, 3, 11, 31
Let b(z) be the first derivative of z**4/4 - z**3/3 + z**2 - 2*z + 1. Suppose 3 = -5*f + 13. What are the prime factors of b(f)?
2, 3
Suppose -5 = -g - 0. Suppose -c = g*z - 67, 2*z + 2*c - 20 = 5*c. Let h(x) = 4*x - 14. List the prime factors of h(z).
2, 19
Let c(w) = w**2 - 10*w - 14. Let d be c(12). Suppose 4*i = d*i. Suppose 3*b + 5*p = -i*b + 112, -2*p - 2 = 0. List the prime factors of b.
3, 13
Suppose -4*d + 945 + 863 = 0. What are the prime factors of d?
2, 113
Suppose d = -4*d + 25. Suppose -d*f - 11 = 4. Let w = f - -29. What are the prime factors of w?
2, 13
Suppose 0 = -3*d - 4*p + 7815, -6*p + 7*p + 7830 = 3*d. What are the prime factors of d?
2609
Let p(q) = q**2 + 10*q + 17. Let x be p(-8). List the prime factors of x/(4*3/204).
17
Let r be (1/3)/(3*(-1)/(-9)). What are the prime factors of -2 + r - (-2 + -2 + -95)?
2, 7
Let j = 5661 - 2809. What are the prime factors of j?
2, 23, 31
Let h = -5051 - 2413. Let k = h + 4638. List the prime factors of (-4)/26 - k/117.
2, 3
Let y = 12 + -11. Let a(v) = -15*v + 2 + 19*v - 4. What are the prime factors of a(y)?
2
Let m(k) = -6*k**3 + 4*k**2 + 4*k + 6. Let g be m(5). What are the prime factors of (g/(-72))/(2/6)?
2, 13
Suppose 150 = 3*n + 3*x, 3*x + 180 + 48 = 4*n. Let o = n - 7. What are the prime factors of o?
47
Let q(g) = g**3 - 4*g**2 - 47*g - 53. What are the prime factors of q(15)?
17, 101
Let w(b) = -b**3 - b - 1. Let z(i) = -5*i**3 - 10*i**2 - 8*i - 15. Let u(n) = 6*w(n) - z(n). List the prime factors of u(9).
2, 3
Let j be (9 + 1)*(-1 - 0). Let r = -214 + 130. List the prime factors of (r/j)/(18/60).
2, 7
Let z = 2268 - -3437. What are the prime factors of z?
5, 7, 163
Let r = 165 - 158. Let n(g) = 46*g - 32. List the prime factors of n(r).
2, 5, 29
Suppose 1109 = 9*w - 9124. List the prime factors of w.
3, 379
Suppose 86 = 3*l - 0*p - p, 0 = -l - 2*p + 17. What are the prime factors of l?
3
Let f be ((-2)/(-4))/((-14)/(-140)). Suppose -x = -2*q - 32, -2*x + x = -f*q - 35. What are the prime factors of x?
2, 3, 5
Let h(a) = 14*a**2 + 19*a + 1. List the prime factors of h(-6).
17, 23
Suppose 0 = -4*p + 10*p - 18. List the prime factors of ((-326)/(-8))/(p/12) + 1.
2, 41
Let v(f) = -337*f - 30. What are the prime factors of v(-2)?
2, 7, 23
Let m = 27 - 21. Let s(o) = -3*o**2 + 21*o - 1. What are the prime factors of s(m)?
17
Let u = 773 + -503. What are the prime factors of (10/25)/(3/u)?
2, 3
Let l(j) be the second derivative of j**5/20 + j**4/12 - 2*j**3 + j - 6. What are the prime factors of l(5)?
2, 3, 5
Suppose -54*v - 161 = -2*h - 59*v, 0 = -2*h + 2*v + 196. List the prime factors of h.
3, 31
Let f(k) be the second derivative of k**4/3 - k**3/6 - 4*k**2 + 2*k - 9. What are the prime factors of f(5)?
3, 29
Let l = -1609 + 1874. What are the prime factors of l?
5, 53
Suppose -4*t + 5*g - 26 = 97, -4*g - 57 = t. Let k be (40/(-6) + 0)*(-924)/70. Let l = t + k. List the prime factors of l.
3, 17
Let r(n) = 25*n**2. Let q = -6 + 8. Suppose 0 = -5*w + q*w + 3. List the prime factors of r(w).
5
Let j be -1 - 20/6*-63. List the prime factors of ((-12)/(-3))/1 + j.
3, 71
Suppose a + 2*n = 10, -a = n - 5 - 1. Suppose 8*k + 18 = -38. List the prime factors of a/k + 2320/35.
2, 3, 11
Suppose 5*l + 6 = -2*d - 14, l = -5*d - 4. Suppose 0*g - g + 92 = d. What are the prime factors of g?
2, 23
Suppose -5*a + 3*l - 267 = 0, -2*l - 76 = 3*a + 88. Let f = 11 - a. List the prime factors of f.
5, 13
Let u(n) = -n**3 - 20*n**2 + 64*n + 53. List the prime factors of u(-23).
2, 3, 7
Suppose 5*l - 3*w = 30, -4*l + 6*w + 27 = 3*w. Let m be 0/(-3*1/l). Suppose v + 6 = -m*v + 4*j, 5*v + 4*j = 90. List the prime factors of v.
2, 7
Suppose -24261 = -11*h + 21378. What are the prime factors of h?
3, 461
Suppose -23*p + 42383 = -18613. List the prime factors of p.
2, 3, 13, 17
Let o = 11 - 15. Let a = 73 - 78. What are the prime factors of 2/a*580/o?
2, 29
Let c = 12 - 18. Let z(y) = y**2 + 8*y + 9. Let j be z(c). Let f = 18 - j. List the prime factors of f.
3, 7
Suppose 0 = -33*l + 34*l - 443. What are the prime factors of l?
443
Suppose -2*r = -4, -2*t - 4*r + 2666 = 1074. What are the prime factors of t?
2, 3, 11
Let a(g) = 413*g**3 - g**2 - 2*g + 3. What are the prime factors of a(1)?
7, 59
Let g(c) = -23 + c**3 - 8*c**2 + 6*c - 26 + 48. List th